{"id":53,"date":"2018-10-27T17:10:05","date_gmt":"2018-10-27T15:10:05","guid":{"rendered":"http:\/\/www.heidihempel.de\/hemblogski\/?page_id=53"},"modified":"2021-08-08T14:04:27","modified_gmt":"2021-08-08T12:04:27","slug":"startseite","status":"publish","type":"page","link":"https:\/\/www.heidihempel.de\/hemblogski\/","title":{"rendered":"Willkommen"},"content":{"rendered":"<div id=\"attachment_26\" style=\"width: 224px\" class=\"wp-caption alignright\"><a href=\"http:\/\/www.heidihempel.de\/hemblogski\/wp-content\/uploads\/2013\/03\/IMG_7441-online.jpg\"><img loading=\"lazy\" decoding=\"async\" aria-describedby=\"caption-attachment-26\" class=\"size-medium wp-image-26\" src=\"http:\/\/www.heidihempel.de\/hemblogski\/wp-content\/uploads\/2013\/03\/IMG_7441-online-214x300.jpg\" alt=\"Heidi Hempel\" width=\"214\" height=\"300\" srcset=\"https:\/\/www.heidihempel.de\/hemblogski\/wp-content\/uploads\/2013\/03\/IMG_7441-online-214x300.jpg 214w, https:\/\/www.heidihempel.de\/hemblogski\/wp-content\/uploads\/2013\/03\/IMG_7441-online-732x1024.jpg 732w, https:\/\/www.heidihempel.de\/hemblogski\/wp-content\/uploads\/2013\/03\/IMG_7441-online.jpg 858w\" sizes=\"auto, (max-width: 214px) 100vw, 214px\" \/><\/a><p id=\"caption-attachment-26\" class=\"wp-caption-text\">Heidi Hempel<\/p><\/div>\n<p style=\"text-align: justify;\">Sch\u00f6n, dass Sie Ihr Interesse f\u00fcr meine Rezepte auf meine Internetseite gef\u00fchrt hat. Diese finden Sie im Bereich &#8222;Rezepte&#8220;. Aktuell f\u00fcllt sich dieser Bereich langsam mit Texten, Bildern und Rezepten. Ich freue mich \u00fcber Kritik und Meinungen, unter Ber\u00fccksichtigung der allgemeinen Nettiquette, per E-Mail.<\/p>\n<p>Jetzt NEU: &#8222;Heidis Hobbies&#8220;, der DIY N\u00e4hkanal auf YouTube. Die Infos, <a href=\"https:\/\/www.heidihempel.de\/hemblogski\/?page_id=136\">hier<\/a> auf der Seite.<\/p>\n<p style=\"text-align: justify;\">Kontaktdaten erhalten Sie im Bereich &#8222;Impressum&#8220;.<\/p>\n<p style=\"text-align: justify;\">Vielen Dank f\u00fcr Ihren Besuch und vielleicht ja &#8222;auf bald&#8220;.<\/p>\n<p style=\"text-align: justify;\">Mit freundlichem Gru\u00df<\/p>\n<p style=\"text-align: justify;\">Heidi Hempel<\/p>\n","protected":false},"excerpt":{"rendered":"<p>Sch\u00f6n, dass Sie Ihr Interesse f\u00fcr meine Rezepte auf meine Internetseite gef\u00fchrt hat. Diese finden Sie im Bereich &#8222;Rezepte&#8220;. Aktuell f\u00fcllt sich dieser Bereich langsam mit Texten, Bildern und Rezepten. Ich freue mich \u00fcber Kritik und Meinungen, unter Ber\u00fccksichtigung der &hellip; <a class=\"more-link\" href=\"https:\/\/www.heidihempel.de\/hemblogski\/\">Weiterlesen <span class=\"meta-nav\">&rarr;<\/span><\/a><\/p>\n","protected":false},"author":1,"featured_media":0,"parent":0,"menu_order":0,"comment_status":"closed","ping_status":"closed","template":"","meta":{"footnotes":""},"class_list":["post-53","page","type-page","status-publish","hentry"],"_links":{"self":[{"href":"https:\/\/www.heidihempel.de\/hemblogski\/index.php?rest_route=\/wp\/v2\/pages\/53","targetHints":{"allow":["GET"]}}],"collection":[{"href":"https:\/\/www.heidihempel.de\/hemblogski\/index.php?rest_route=\/wp\/v2\/pages"}],"about":[{"href":"https:\/\/www.heidihempel.de\/hemblogski\/index.php?rest_route=\/wp\/v2\/types\/page"}],"author":[{"embeddable":true,"href":"https:\/\/www.heidihempel.de\/hemblogski\/index.php?rest_route=\/wp\/v2\/users\/1"}],"replies":[{"embeddable":true,"href":"https:\/\/www.heidihempel.de\/hemblogski\/index.php?rest_route=%2Fwp%2Fv2%2Fcomments&post=53"}],"version-history":[{"count":7,"href":"https:\/\/www.heidihempel.de\/hemblogski\/index.php?rest_route=\/wp\/v2\/pages\/53\/revisions"}],"predecessor-version":[{"id":191,"href":"https:\/\/www.heidihempel.de\/hemblogski\/index.php?rest_route=\/wp\/v2\/pages\/53\/revisions\/191"}],"wp:attachment":[{"href":"https:\/\/www.heidihempel.de\/hemblogski\/index.php?rest_route=%2Fwp%2Fv2%2Fmedia&parent=53"}],"curies":[{"name":"wp","href":"https:\/\/api.w.org\/{rel}","templated":true}]}}